{"id":40,"date":"2021-09-22T19:38:26","date_gmt":"2021-09-22T17:38:26","guid":{"rendered":"https:\/\/sbg-passion.klubarbeit.net\/?post_type=fuehrung&#038;p=40"},"modified":"2026-02-25T10:58:19","modified_gmt":"2026-02-25T09:58:19","slug":"fuehrung-3","status":"publish","type":"fuehrung","link":"https:\/\/salzburg-passion.com\/en\/fuehrung\/fuehrung-3\/","title":{"rendered":"Auf den Spuren der m\u00e4chtigen F\u00fcrsterzbisch\u00f6fe"},"content":{"rendered":"<p>Die F\u00fcrsterzbisch\u00f6fe Salzburgs. Jahrhundertelang haben sie die Stadt nachhaltig gepr\u00e4gt. Die f\u00fcrsterzbisch\u00f6fliche Residenz, die neue Residenz, die zahlreichen Kirchen oder die pr\u00e4chtige Gartenanlage von Schloss Mirabell - sie alle sind  Zeitzeugen einer besonderen Zeit.  <\/p>\n<p>Aber wer waren eigentlich diese F\u00fcrsterzbisch\u00f6fe? Sie regierten sowohl als Erzbisch\u00f6fe und Oberhirten der katholischen Kirche, als auch als weltliche F\u00fcrsten, die das Territorium von Salzburg sowie Teile anderer Gebiete in \u00d6sterreich kontrollierten. Besonders im Barockzeitalter wurde Salzburg ein Zentrum der Musik und Kunst, was unter anderem durch die F\u00f6rderung von Komponisten wie Wolfgang Amadeus Mozart und Michael Haydn sichtbar wurde. <\/p>\n<p>Man begegnet den ehemaligen Kirchenm\u00e4nnern sozusagen an jeder Ecke, haben sie sich doch alle mit ihrem Familienwappen verewigt. Vielleicht laufen wir w\u00e4hrend unserer Stadtf\u00fchrung ja dem ein oder anderen \u00fcbern den Weg. Mal schauen....<\/p>","protected":false},"excerpt":{"rendered":"<p>Die F\u00fcrsterzbisch\u00f6fe Salzburgs. Jahrhundertelang haben sie die Stadt nachhaltig gepr\u00e4gt. Die f\u00fcrsterzbisch\u00f6fliche Residenz, die neue Residenz, die zahlreichen Kirchen oder die pr\u00e4chtige Gartenanlage von Schloss Mirabell - sie alle sind Zeitzeugen einer besonderen Zeit. Aber wer waren eigentlich diese F\u00fcrsterzbisch\u00f6fe? Sie regierten sowohl als Erzbisch\u00f6fe und Oberhirten der katholischen Kirche, als auch als weltliche F\u00fcrsten, [&hellip;]<\/p>\n","protected":false},"featured_media":52,"parent":0,"template":"","meta":{"footnotes":""},"categories":[],"tags":[],"class_list":["post-40","fuehrung","type-fuehrung","status-publish","has-post-thumbnail","hentry"],"meta_box":{"button_group_k16mq7jpl8":"nein","galerie_heading":"","bild_1":{"width":150,"height":150,"file":"2021\/09\/salzburg-alstadt-unesco.jpg","sizes":{"medium":{"file":"salzburg-alstadt-unesco-290x300.jpg","width":290,"height":300,"mime-type":"image\/jpeg","url":"https:\/\/salzburg-passion.com\/wp-content\/uploads\/2021\/09\/salzburg-alstadt-unesco-290x300.jpg"},"large":{"file":"salzburg-alstadt-unesco-990x1024.jpg","width":990,"height":1024,"mime-type":"image\/jpeg","url":"https:\/\/salzburg-passion.com\/wp-content\/uploads\/2021\/09\/salzburg-alstadt-unesco-990x1024.jpg"},"thumbnail":{"file":"salzburg-alstadt-unesco-150x150.jpg","width":150,"height":150,"mime-type":"image\/jpeg","url":"https:\/\/salzburg-passion.com\/wp-content\/uploads\/2021\/09\/salzburg-alstadt-unesco-150x150.jpg"},"medium_large":{"file":"salzburg-alstadt-unesco-768x794.jpg","width":768,"height":794,"mime-type":"image\/jpeg","url":"https:\/\/salzburg-passion.com\/wp-content\/uploads\/2021\/09\/salzburg-alstadt-unesco-768x794.jpg"}},"image_meta":{"aperture":"0","credit":"","camera":"","caption":"","created_timestamp":"0","copyright":"","focal_length":"0","iso":"0","shutter_speed":"0","title":"","orientation":"0","keywords":[]},"ID":"52","name":"salzburg-alstadt-unesco.jpg","path":"\/home\/sgpasft21\/public_html\/wp-content\/uploads\/2021\/09\/salzburg-alstadt-unesco.jpg","url":"https:\/\/salzburg-passion.com\/wp-content\/uploads\/2021\/09\/salzburg-alstadt-unesco-150x150.jpg","full_url":"https:\/\/salzburg-passion.com\/wp-content\/uploads\/2021\/09\/salzburg-alstadt-unesco.jpg","title":"Blick auf Salzburger Altstadt","caption":"Blick auf Salzburger Altstadt","description":"Blick auf Salzburger Altstadt UNESSCO Weltkulturerbe","alt":"Salzburg Stadtf\u00fchrung","srcset":false},"fd-image-caption-1":"Erzbisch\u00f6fe","single_image_r20kn1n1dwi":false,"fd-image-caption-2":"","single_image_v80wmruokp":false,"fd-image-caption-3":"","single_image_h7vuabk8lfv":false,"fd-image-caption-4":"","single_image_fba0ziayypg":false,"fd-image-caption-5":"","single_image_76ma6r2n1o3":false,"fd-image-caption-6":"","single_image_8w8mhe9hpz":false,"fd-image-caption-7":"","single_image_i90zkqfao9":false,"fd-image-caption-8":"","button_group_9ouhuuswkaw":"nein","post_b6iydobzut7":["81","42","33"],"bild_karte_furungen":[{"width":150,"height":150,"file":"2021\/09\/salzburg-alstadt-unesco.jpg","sizes":{"medium":{"file":"salzburg-alstadt-unesco-290x300.jpg","width":290,"height":300,"mime-type":"image\/jpeg","url":"https:\/\/salzburg-passion.com\/wp-content\/uploads\/2021\/09\/salzburg-alstadt-unesco-290x300.jpg"},"large":{"file":"salzburg-alstadt-unesco-990x1024.jpg","width":990,"height":1024,"mime-type":"image\/jpeg","url":"https:\/\/salzburg-passion.com\/wp-content\/uploads\/2021\/09\/salzburg-alstadt-unesco-990x1024.jpg"},"thumbnail":{"file":"salzburg-alstadt-unesco-150x150.jpg","width":150,"height":150,"mime-type":"image\/jpeg","url":"https:\/\/salzburg-passion.com\/wp-content\/uploads\/2021\/09\/salzburg-alstadt-unesco-150x150.jpg"},"medium_large":{"file":"salzburg-alstadt-unesco-768x794.jpg","width":768,"height":794,"mime-type":"image\/jpeg","url":"https:\/\/salzburg-passion.com\/wp-content\/uploads\/2021\/09\/salzburg-alstadt-unesco-768x794.jpg"}},"image_meta":{"aperture":"0","credit":"","camera":"","caption":"","created_timestamp":"0","copyright":"","focal_length":"0","iso":"0","shutter_speed":"0","title":"","orientation":"0","keywords":[]},"ID":"52","name":"salzburg-alstadt-unesco.jpg","path":"\/home\/sgpasft21\/public_html\/wp-content\/uploads\/2021\/09\/salzburg-alstadt-unesco.jpg","url":"https:\/\/salzburg-passion.com\/wp-content\/uploads\/2021\/09\/salzburg-alstadt-unesco-150x150.jpg","full_url":"https:\/\/salzburg-passion.com\/wp-content\/uploads\/2021\/09\/salzburg-alstadt-unesco.jpg","title":"Blick auf Salzburger Altstadt","caption":"Blick auf Salzburger Altstadt","description":"Blick auf Salzburger Altstadt UNESSCO Weltkulturerbe","alt":"Salzburg Stadtf\u00fchrung","srcset":false}],"tour_beschreibung":"<p>Geschichten \u00fcber das Leben und Wirken der f\u00fcr viele Jahrhunderte m\u00e4chtigsten Kirchenm\u00e4nner im Heiligen R\u00f6mischen Reich Deutscher Nation entf\u00fchren Sie in eine andere Zeit.<\/p>\n<p>Machen wir gemeinsam eine Zeitreise und wandeln wir auf den Spuren der Salzburger Erzbisch\u00f6fe!<\/p>\n","tour_liste":"<ul>\n<li>Waren die Salzburger Nockerl tats\u00e4chlich Wolf Dietrichs Leibspeise?<\/li>\n<li>Was hat denn den die R\u00fcbe mit einem F\u00fcrsterzbischof zu tun?<\/li>\n<li>War tats\u00e4chlich ein F\u00fcrsterzbischof schuld, dass Mozart Salzburg verlassen hat?<\/li>\n<\/ul>\n","treffpunkt":"Treffpunkt: am Residenzplatz \u2013 Eingang zum Innenhof der Alten Residenz","dauer":"Dauer der Tour: ca. 2 Stunden","preis":"Preis: 215 Euro","darfs_mehr_sein":"<p><strong>Darf's ein bisserl mehr sein?<\/strong><br \/>\nEinen Rundgang durch das Domquartier (www.domquartier.at) biete ich auf Wunsch gerne an. (Der Museumseintritt ist im Preis nicht erhalten. Rechnen Sie mit ca. 2 Stunden zus\u00e4tzlich.)<br \/>\nAuch separat buchbar.<\/p>\n","button_link_fur_anfrage":"https:\/\/salzburg-passion.com\/kontakt\/","button_group_yraiqw61gl":"ja","f-top_heading_klein":"- Salzburg -"},"_links":{"self":[{"href":"https:\/\/salzburg-passion.com\/en\/wp-json\/wp\/v2\/fuehrung\/40","targetHints":{"allow":["GET"]}}],"collection":[{"href":"https:\/\/salzburg-passion.com\/en\/wp-json\/wp\/v2\/fuehrung"}],"about":[{"href":"https:\/\/salzburg-passion.com\/en\/wp-json\/wp\/v2\/types\/fuehrung"}],"version-history":[{"count":8,"href":"https:\/\/salzburg-passion.com\/en\/wp-json\/wp\/v2\/fuehrung\/40\/revisions"}],"predecessor-version":[{"id":511,"href":"https:\/\/salzburg-passion.com\/en\/wp-json\/wp\/v2\/fuehrung\/40\/revisions\/511"}],"wp:featuredmedia":[{"embeddable":true,"href":"https:\/\/salzburg-passion.com\/en\/wp-json\/wp\/v2\/media\/52"}],"wp:attachment":[{"href":"https:\/\/salzburg-passion.com\/en\/wp-json\/wp\/v2\/media?parent=40"}],"wp:term":[{"taxonomy":"category","embeddable":true,"href":"https:\/\/salzburg-passion.com\/en\/wp-json\/wp\/v2\/categories?post=40"},{"taxonomy":"post_tag","embeddable":true,"href":"https:\/\/salzburg-passion.com\/en\/wp-json\/wp\/v2\/tags?post=40"}],"curies":[{"name":"wp","href":"https:\/\/api.w.org\/{rel}","templated":true}]}}

Auf den Spuren der mächtigen Fürsterzbischöfe

<p>Die Fürsterzbischöfe Salzburgs. Jahrhundertelang haben sie die Stadt nachhaltig geprägt. Die fürsterzbischöfliche Residenz, die neue Residenz, die zahlreichen Kirchen oder die prächtige Gartenanlage von Schloss Mirabell - sie alle sind  Zeitzeugen einer besonderen Zeit.  </p>
<p>Aber wer waren eigentlich diese Fürsterzbischöfe? Sie regierten sowohl als Erzbischöfe und Oberhirten der katholischen Kirche, als auch als weltliche Fürsten, die das Territorium von Salzburg sowie Teile anderer Gebiete in Österreich kontrollierten. Besonders im Barockzeitalter wurde Salzburg ein Zentrum der Musik und Kunst, was unter anderem durch die Förderung von Komponisten wie Wolfgang Amadeus Mozart und Michael Haydn sichtbar wurde. </p>
<p>Man begegnet den ehemaligen Kirchenmännern sozusagen an jeder Ecke, haben sie sich doch alle mit ihrem Familienwappen verewigt. Vielleicht laufen wir während unserer Stadtführung ja dem ein oder anderen übern den Weg. Mal schauen....</p>

<p>Die Fürsterzbischöfe Salzburgs. Jahrhundertelang haben sie die Stadt nachhaltig geprägt. Die fürsterzbischöfliche Residenz, die neue Residenz, die zahlreichen Kirchen oder die prächtige Gartenanlage von Schloss Mirabell - sie alle sind Zeitzeugen einer besonderen Zeit. Aber wer waren eigentlich diese Fürsterzbischöfe? Sie regierten sowohl als Erzbischöfe und Oberhirten der katholischen Kirche, als auch als weltliche Fürsten, [&hellip;]</p>

Salzburg Stadtführung

Erzbischöfe

<p>Geschichten über das Leben und Wirken der für viele Jahrhunderte mächtigsten Kirchenmänner im Heiligen Römischen Reich Deutscher Nation entführen Sie in eine andere Zeit.</p>
<p>Machen wir gemeinsam eine Zeitreise und wandeln wir auf den Spuren der Salzburger Erzbischöfe!</p>

<ul>
<li>Waren die Salzburger Nockerl tatsächlich Wolf Dietrichs Leibspeise?</li>
<li>Was hat denn den die Rübe mit einem Fürsterzbischof zu tun?</li>
<li>War tatsächlich ein Fürsterzbischof schuld, dass Mozart Salzburg verlassen hat?</li>
</ul>

<p><strong>Darf's ein bisserl mehr sein?</strong><br />
Einen Rundgang durch das Domquartier (www.domquartier.at) biete ich auf Wunsch gerne an. (Der Museumseintritt ist im Preis nicht erhalten. Rechnen Sie mit ca. 2 Stunden zusätzlich.)<br />
Auch separat buchbar.</p>
